uppose -27*c + 48 = -d. Let w(i) = -i**3 + 5*i**2 - i + 4. Determine w(c).
-1
Let p(d) = 768 - 2290 - 9*d**2 + 17*d + 2*d**3 + 758 - d**3 + 770. Calculate p(3).
3
Let q be ((-96)/(-4))/4 + 0. Let v(r) = -r**3 - 6*r + 1. Let i(d) = 2*d**3 + d**2 + 13*d - 2. Let w = -34 - -47. Let s(t) = w*v(t) + 6*i(t). Calculate s(q).
1
Suppose 0*t = 2*t - 22. Let k(f) = -509712242 + 0*f**2 - 12*f + 509712249 + f**2. What is k(t)?
-4
Let r(l) = 105*l - 13 + 85*l - 360*l + 106*l + 85*l. What is r(3)?
50
Let i(v) = 1. Let s(t) = 31*t**2 - 5. Let h(b) = -6*i(b) - s(b). Calculate h(1).
-32
Suppose -5*d + 2*u = 33, -3*d + 5*u = 15 + 20. Let z(p) = p**2 - 3*p - 6. Calculate z(d).
34
Let s(x) = 9*x - 8. Let j(l) = 14*l - 13. Let t(q) = -5*j(q) + 8*s(q). Let f(z) = -6*z + 1. Let c(r) = f(r) + 4*t(r). Suppose -y - 5 = -2*y. Give c(y).
15
Let k(c) = -3*c**3 - c**2 + 1. Let y(h) = -13*h**3 + 9*h**2 + 29*h + 26. Let w(d) = -4*k(d) + y(d). Give w(15).
7
Let v(d) = -5*d**2 + 3*d - d + 1620646*d**3 - 1620645*d**3. Give v(5).
10
Let r be 6/(-9) - 8/(-3). Let z(f) = 2 + 5*f**2 + f**3 + f - r - 2. Suppose 3*o + 54 = 0, 160*o - 158*o = -11*v - 69. Determine z(v).
13
Let d(x) = x**2 - x + 4. Let b be d(2). Suppose b*z + z - 42 = 0. Let h(l) = l**3 - 7*l**2 + 8*l + 2. Calculate h(z).
14
Let b(r) = r**2 + 7*r - 1. Let j be 6 - 5/(30/(-144)). Suppose 23*t = j*t + 49. Calculate b(t).
-1
Suppose 0 = 3*q + 2*j + 16, 4*q = -0*j + 3*j - 44. Let x(s) be the first derivative of s**3/3 + 9*s**2/2 + 8*s + 877. Give x(q).
0
Let p(y) = 10*y - 456 + 782 + 2*y**2 - 364. Calculate p(-10).
62
Let k(h) = -24*h + 8. Let r(m) = 25*m - 1. Let t(f) = k(f) + 3*r(f). What is t(1)?
56
Let g(u) = -u**2 + u. Let r(t) = -t**2 + 4*t - 4. Let k(y) = 2*g(y) - r(y). Suppose -x = 5*w + 1046, 1043 = -9*w + 4*w + 2*x. Let v = 205 + w. What is k(v)?
-4
Let j(f) = 2*f. Let c(z) = -9*z - 4. Let q(x) = -c(x) - 5*j(x). Suppose 9*h - 36 = -9. Calculate q(h).
1
Let f(i) = -5*i**2 + 3*i + 4. Let l = -182 - -237. Let j = l + -52. Give f(j).
-32
Let r(t) be the second derivative of -2*t**2 - t + 3 - 7/6*t**3. Determine r(-2).
10
Let q(c) = -c - 20. Suppose 0*n + n - 7 = 0. Suppose 3*s = -r - 43, 11*r - 6*r + n = s. Calculate q(s).
-7
Let l(u) be the third derivative of 13*u**4/24 - 56*u**3/3 - 7*u**2 + 9*u. Let j be l(9). Let k(h) = -h - 1. What is k(j)?
-6
Suppose -2*o + 0*w - 3*w = -1, -5*o - 2*w = -8. Let m(g) = -4*g**2 - o + 5*g**2 + 6*g + 0*g. Suppose -461 + 531 = -10*q. What is m(q)?
5
Suppose -4*n = 4 - 0. Let d(t) be the second derivative of -t**4/12 - t**3/6 + 963*t. Let q(z) = 3*z**2 - 3*z. Let j(i) = n*d(i) - q(i). Give j(3).
-6
Let o = 3704 + -3706. Let a(t) = 2*t**2 + 4*t + 3. Give a(o).
3
Let y(g) = -g - 3. Let j(u) = -7*u**2 + 485*u - 140. Let a be j(69). Give y(a).
-1
Let c = 26 - 31. Suppose -7*g + 11 + 31 = 0. Let n(r) = r - g + 0 + 4 + 3. Determine n(c).
-4
Let h(n) = 5*n**2 + 1. Let v(l) = -l - 23. Suppose -5*o = a - o + 26, -4*a = 5*o + 93. Let u be v(a). Calculate h(u).
6
Suppose 2*g - 2 = -10. Let v(f) = -7*f**2 - 5*f + 7. Let o(y) = -64*y - 6 + 6*y**2 + 0*y**2 + 68*y. Let q(u) = g*v(u) - 5*o(u). Give q(-2).
-6
Let f(z) = -72*z**2 + 4*z - 3. Suppose 0 = p + 3, 4*k - 2*p + 330 - 340 = 0. What is f(k)?
-71
Let p(n) = 2*n - n - 2*n - 1 - 2. Let m be p(-2). Let x(l) be the first derivative of l**2/2 - l + 4. What is x(m)?
-2
Let k(p) = -p + 4. Suppose -5*j + j + 0*j = 0. Let y(t) = j*t**2 - 3*t - 6*t - 7 + 0*t - t**2. Let i be y(-7). Determine k(i).
-3
Let p(n) = -3124*n + 1523*n + n**2 + 1589*n + 11. Let a(k) = -k + 12. Let x be a(0). Calculate p(x).
11
Let i = -121 - -117. Let v(c) = c**2 - c + 6. Let m be v(i). Let s(b) = -33 + m + 3*b - 4*b. Give s(-5).
-2
Let v(y) be the second derivative of -7*y**3/6 + y**2 - 2*y. Let i be (50*100/6250)/((-8)/(-10)). What is v(i)?
-5
Suppose 0 = 4*i - 16, 3*g + 4*i + 2 = 6. Let v(r) = 34 - 17 + 3*r - 15 + 2. Determine v(g).
-8
Let g(i) = -i**3 + 5*i**2 + 4*i - 7. Let n(j) = 2*j**2 - 1. Let q(b) = -g(b) + 2*n(b). Let s(c) = 3*c**3 - 3*c + 2. Let m be s(1). Calculate q(m).
1
Let u(g) = -3*g**2 - 6*g**2 - 22 + 626*g + 8*g**2 - 316*g - 292*g. Calculate u(17).
-5
Suppose -j - 4*s - 374 = 0, 4*s - 1885 = 5*j + 9*s. Let r = j - -373. Let v(h) = h**2 + 2*h - 7. Give v(r).
8
Let z(q) = -q**2 + 3*q + 8. Let t = 223 + -293. Let y = 74 + t. Give z(y).
4
Let n(k) = -19*k - 145. Suppose -6*y + 21*y + 57 = -63. What is n(y)?
7
Let o(b) = 4306 + 6*b - 2120 - 2139. Determine o(16).
143
Let l(u) be the second derivative of -u**4/12 + 3*u**2/2 - 543*u + 1. Give l(-1).
2
Let i(c) = 3*c + 7. Let p(w) = -3*w - 6. Suppose -20 = 6*q - 2*q. Let z(x) = q*p(x) - 4*i(x). Suppose y = 5*y - 2*m + 10, -5 = y + 2*m. Give z(y).
-7
Let y(w) = -19*w**2 + 2*w - 2. Suppose -5*z - 2*v - 20 = 0, 3*z - 19*v - 9 = -16*v. Give y(z).
-82
Let w(d) = -d**3 - 8*d**2 - 6*d + 10. Suppose -31*v + 36*v - 240 = 0. Let s be 1/(-7 + v/7). Give w(s).
3
Let d(s) = -s**3 + 12*s**2 + 2*s - 16. Let n = 44 - -202. Let w = 258 - n. Calculate d(w).
8
Let n be 332/18 + (-10)/(-45) - 4/(-12). Let i(g) = -g**2 + 19*g + 12. Calculate i(n).
12
Let u(z) = -581 - z - 552 + 2319 - 576 - z**2 - 566. Let c be -1*0/((-2)/(-1)). Calculate u(c).
44
Let c(v) be the third derivative of -v**8/6720 - v**7/420 + v**5/24 + 145*v**4/24 - v**3/6 + 283*v**2. Let o(k) be the second derivative of c(k). What is o(-5)?
-20
Suppose 0 = 4*y - 3*o - 272, -o - 272 = y - 5*y. Let w be y/(-18) + 4 + (-560)/(-72). Let c(k) = k**2 - 9*k - 11. Give c(w).
-19
Let g(p) be the first derivative of 1/3*p**3 - 35 + 9/2*p**2 - 5*p. Determine g(-9).
-5
Let q = 1355 + -1365. Let v(s) = s**2 + 11*s + 9. Calculate v(q).
-1
Let t(a) be the second derivative of -a**4/12 + 29*a**3/6 + 249*a**2/2 + 444*a - 1. What is t(-7)?
-3
Let p(g) be the first derivative of -g**2/2 + 14*g - 641. What is p(4)?
10
Let a = 732818 + -732805. Let n(k) = -13*k**2 + 15 + k**3 - k + k - k. Give n(a).
2
Let u(l) be the third derivative of -1/120*l**6 + 0*l + l**2 + 1/20*l**5 - 1/24*l**4 + 1/2*l**3 + 0. Let i(o) = 89*o - 976. Let k be i(11). Calculate u(k).
0
Let l(t) = t**3 + 9*t**2 - 9*t + 15. Let o = 1483 + -1493. Give l(o).
5
Let c(p) = 14*p**3 + p**2 - 1. Suppose 11*z + 3*d = 7*z - 9, -4*d = 12. Suppose z = 17*n + 8 - 25. Give c(n).
14
Let q(w) be the first derivative of -2*w**3/3 + 21*w**2/2 - 26*w - 576. Calculate q(8).
14
Suppose -2*i + 2*n = -30, 0 = i - 2*n - 45 + 30. Let h(b) = -i*b - 6 + 3*b**2 + 3*b + 2*b - 4*b**2. What is h(-6)?
18
Let n be (16/6 + -2)/((-6368)/66864). Let h(s) be the second derivative of s + 5*s**2 + 0 + 1/3*s**3. What is h(n)?
-4
Let o = -91 + 93. Suppose 2*b - 14 = -5*p, o*b + 7 - 9 = p. Let z(h) = -4*h - 8. Let n(a) = -3*a - 9. Let q(g) = 6*n(g) - 7*z(g). Calculate q(p).
22
Let q(x) = -x**2 - 12*x + 11. Suppose 3*z = 6 + 15. Let f be (4/(-10))/(z/175). Give q(f).
31
Let o(q) = -13*q**2 + 18*q - 44. Let m(z) = -11*z**2 + 17*z - 41. Let w(u) = -6*m(u) + 5*o(u). Give w(6).
-10
Let d(l) be the first derivative of l**4/4 + 2*l**3/3 - 2*l**2 - 4*l + 2253. Determine d(-3).
-1
Let f(y) be the third derivative of 0*y + 0*y**4 - 2/3*y**3 + 1/120*y**6 - 7/60*y**5 + 0 - 15*y**2. What is f(7)?
-4
Let n be (-6 - -5)/(1/4). Let g(z) be the third derivative of z**5/60 - 2*z**3/3 + 1088*z**2 + z. Calculate g(n).
12
Let y(w) = -7*w - 4. Let i(d) = -3 + 20*d + 9 - 2 + 7. Let q(j) = -6*i(j) - 17*y(j). Let z be (5/(-20)*10)/((-2)/4). What is q(z)?
-3
Let f(h) be the second derivative of -h**4/12 + 5*h**3/6 - 17*h**2 + 61*h - 17. Determine f(8).
-58
Let c = 8 - 8. Suppose 2*u + c = 30. Suppose -9*t = -12*t - u. Let v(i) = -i**2 - 5*i - 5. Give v(t).
-5
Let t(i) = 10*i**2 - 2*i - 1. Let r be t(2). Let o(a) = 62*a**2 - r*a**2 - 29*a**2 + 2 + 5*a. What is o(4)?
-10
Let j(i) = 3367 - 1679 - 1682 + i**3 + 5*i**2 - 6*i. Suppose -w = 5 + 1. What is j(w)?
6
Let c(g) = -3*g + 3. Let l be 4 - (8 - 4) - (1 - 5). Suppose 3*k + 3*w = -k + 461, l*w + 4 = 0. Let m = -113 + k. Determine c(m).
-6
Let q(l) = 5*l - 81. Let r be q(17). Let x(o) = -r - 1 + 8*o**2 - 1 + o**3. Let n be (-5*1 - 2) + -1. Give x(n).
-6
Suppose 5*k = -4*n - 45, 0 = -2*n - 18*k + 13*k - 35. Let g(f) = f**3 + 8*f**2 + 4*f + 14. Calculate g(n).
69
Let f(z) = z**2 + 31*z + 204. Let q be f(-9). Let m(v) = -2*v + v**3 + 459 - 5*